{"id":151,"date":"2021-09-19T10:38:00","date_gmt":"2021-09-19T08:38:00","guid":{"rendered":"https:\/\/ganzheitlich-leben.org\/?page_id=151"},"modified":"2022-02-26T23:30:53","modified_gmt":"2022-02-26T22:30:53","slug":"impressum","status":"publish","type":"page","link":"https:\/\/ganzheitlich-leben.org\/index.php\/impressum\/","title":{"rendered":"Impressum"},"content":{"rendered":"<div data-colibri-id=\"151-c1\" class=\"style-480 style-local-151-c1 position-relative\">\n  <!---->\n  <div data-colibri-component=\"section\" data-colibri-id=\"151-c2\" id=\"custom\" class=\"h-section h-section-global-spacing d-flex align-items-lg-center align-items-md-center align-items-center style-481 style-local-151-c2 position-relative\">\n    <!---->\n    <!---->\n    <div class=\"h-section-grid-container h-section-boxed-container\">\n      <!---->\n      <div data-colibri-id=\"151-c3\" class=\"h-row-container gutters-row-lg-2 gutters-row-md-2 gutters-row-0 gutters-row-v-lg-2 gutters-row-v-md-2 gutters-row-v-2 style-482 style-local-151-c3 position-relative\">\n        <!---->\n        <div class=\"h-row justify-content-lg-center justify-content-md-center justify-content-center align-items-lg-stretch align-items-md-stretch align-items-stretch gutters-col-lg-2 gutters-col-md-2 gutters-col-0 gutters-col-v-lg-2 gutters-col-v-md-2 gutters-col-v-2\">\n          <!---->\n          <div class=\"h-column h-column-container d-flex h-col-lg-auto h-col-md-auto h-col-auto style-483-outer style-local-151-c4-outer\">\n            <div data-colibri-id=\"151-c4\" class=\"d-flex h-flex-basis h-column__inner h-px-lg-2 h-px-md-2 h-px-2 v-inner-lg-2 v-inner-md-2 v-inner-2 style-483 style-local-151-c4 position-relative\">\n              <!---->\n              <!---->\n              <div class=\"w-100 h-y-container h-column__content h-column__v-align flex-basis-100 align-self-lg-start align-self-md-start align-self-start\">\n                <!---->\n                <div data-colibri-id=\"151-c5\" class=\"h-global-transition-all h-heading style-484 style-local-151-c5 position-relative h-element\">\n                  <!---->\n                  <div class=\"h-heading__outer style-484 style-local-151-c5\">\n                    <!---->\n                    <!---->\n                    <h1 class=\"\">Impressum<\/h1>\n                  <\/div>\n                <\/div>\n              <\/div>\n            <\/div>\n          <\/div>\n        <\/div>\n      <\/div>\n      <div data-colibri-id=\"151-c6\" class=\"h-row-container gutters-row-lg-2 gutters-row-md-2 gutters-row-0 gutters-row-v-lg-2 gutters-row-v-md-2 gutters-row-v-2 style-767 style-local-151-c6 position-relative\">\n        <!---->\n        <div class=\"h-row justify-content-lg-center justify-content-md-center justify-content-center align-items-lg-stretch align-items-md-stretch align-items-stretch gutters-col-lg-2 gutters-col-md-2 gutters-col-0 gutters-col-v-lg-2 gutters-col-v-md-2 gutters-col-v-2\">\n          <!---->\n          <div class=\"h-column h-column-container d-flex h-col-lg-auto h-col-md-auto h-col-auto style-769-outer style-local-151-c7-outer\">\n            <div data-colibri-id=\"151-c7\" class=\"d-flex h-flex-basis h-column__inner h-px-lg-2 h-px-md-2 h-px-2 v-inner-lg-2 v-inner-md-2 v-inner-2 style-769 style-local-151-c7 position-relative\">\n              <!---->\n              <!---->\n              <div class=\"w-100 h-y-container h-column__content h-column__v-align flex-basis-100 align-self-lg-start align-self-md-start align-self-start\">\n                <!---->\n                <div data-colibri-id=\"151-c8\" class=\"h-global-transition-all h-heading style-771 style-local-151-c8 position-relative h-element\">\n                  <!---->\n                  <div class=\"h-heading__outer style-771 style-local-151-c8\">\n                    <!---->\n                    <!---->\n                    <h4 class=\"\">Angaben gem\u00e4\u00df \u00a7 5 TMG<\/h4>\n                  <\/div>\n                <\/div>\n                <div data-colibri-id=\"151-c9\" class=\"h-text h-text-component style-776 style-local-151-c9 position-relative h-element\">\n                  <!---->\n                  <!---->\n                  <div class=\"\">\n                    <p>Claudia Wittmann<\/p>\n                    <p>Borngasse 9<\/p>\n                    <p>35282 Rauschenberg<\/p>\n                    <p>\n                      <br>\n                    <\/p>\n                  <\/div>\n                <\/div>\n              <\/div>\n            <\/div>\n          <\/div>\n          <div class=\"h-column h-column-container d-flex h-col-lg-auto h-col-md-auto h-col-auto style-772-outer style-local-151-c10-outer\">\n            <div data-colibri-id=\"151-c10\" class=\"d-flex h-flex-basis h-column__inner h-ui-empty-state-container h-px-lg-2 h-px-md-2 h-px-2 v-inner-lg-2 v-inner-md-2 v-inner-2 style-772 style-local-151-c10 position-relative\">\n              <!---->\n              <!---->\n              <div class=\"w-100 h-y-container h-column__content h-column__v-align flex-basis-100\">\n                <!---->\n              <\/div>\n            <\/div>\n          <\/div>\n        <\/div>\n      <\/div>\n      <div data-colibri-id=\"151-c11\" class=\"h-row-container gutters-row-lg-2 gutters-row-md-2 gutters-row-0 gutters-row-v-lg-2 gutters-row-v-md-2 gutters-row-v-2 style-785 style-local-151-c11 position-relative\">\n        <!---->\n        <div class=\"h-row justify-content-lg-center justify-content-md-center justify-content-center align-items-lg-stretch align-items-md-stretch align-items-stretch gutters-col-lg-2 gutters-col-md-2 gutters-col-0 gutters-col-v-lg-2 gutters-col-v-md-2 gutters-col-v-2\">\n          <!---->\n          <div class=\"h-column h-column-container d-flex h-col-lg-auto h-col-md-auto h-col-auto style-786-outer style-local-151-c12-outer\">\n            <div data-colibri-id=\"151-c12\" class=\"d-flex h-flex-basis h-column__inner h-px-lg-2 h-px-md-2 h-px-2 v-inner-lg-2 v-inner-md-2 v-inner-2 style-786 style-local-151-c12 position-relative\">\n              <!---->\n              <!---->\n              <div class=\"w-100 h-y-container h-column__content h-column__v-align flex-basis-100 align-self-lg-start align-self-md-start align-self-start\">\n                <!---->\n                <div data-colibri-id=\"151-c13\" class=\"h-global-transition-all h-heading style-779 style-local-151-c13 position-relative h-element\">\n                  <!---->\n                  <div class=\"h-heading__outer style-779 style-local-151-c13\">\n                    <!---->\n                    <!---->\n                    <h4 class=\"\">Kontakt<\/h4>\n                  <\/div>\n                <\/div>\n                <div data-colibri-id=\"151-c14\" class=\"h-text h-text-component style-780 style-local-151-c14 position-relative h-element\">\n                  <!---->\n                  <!---->\n                  <div class=\"\">\n                    <p>Telefon: 06425 3423040<\/p>\n                    <p>E-Mail: ganzheitlichleben(at)outlook.de<\/p>\n                    <p>\n                      <br>\n                    <\/p>\n                  <\/div>\n                <\/div>\n              <\/div>\n            <\/div>\n          <\/div>\n        <\/div>\n      <\/div>\n      <div data-colibri-id=\"151-c15\" class=\"h-row-container gutters-row-lg-2 gutters-row-md-2 gutters-row-0 gutters-row-v-lg-2 gutters-row-v-md-2 gutters-row-v-2 style-783 style-local-151-c15 position-relative\">\n        <!---->\n        <div class=\"h-row justify-content-lg-center justify-content-md-center justify-content-center align-items-lg-stretch align-items-md-stretch align-items-stretch gutters-col-lg-2 gutters-col-md-2 gutters-col-0 gutters-col-v-lg-2 gutters-col-v-md-2 gutters-col-v-2\">\n          <!---->\n          <div class=\"h-column h-column-container d-flex h-col-lg-auto h-col-md-auto h-col-auto style-784-outer style-local-151-c16-outer\">\n            <div data-colibri-id=\"151-c16\" class=\"d-flex h-flex-basis h-column__inner h-px-lg-2 h-px-md-2 h-px-2 v-inner-lg-2 v-inner-md-2 v-inner-2 style-784 style-local-151-c16 position-relative\">\n              <!---->\n              <!---->\n              <div class=\"w-100 h-y-container h-column__content h-column__v-align flex-basis-100 align-self-lg-start align-self-md-start align-self-start\">\n                <!---->\n                <div data-colibri-id=\"151-c17\" class=\"h-global-transition-all h-heading style-787 style-local-151-c17 position-relative h-element\">\n                  <!---->\n                  <div class=\"h-heading__outer style-787 style-local-151-c17\">\n                    <!---->\n                    <!---->\n                    <h4 class=\"\">Redaktionell verantwortlich<\/h4>\n                  <\/div>\n                <\/div>\n                <div data-colibri-id=\"151-c18\" class=\"h-text h-text-component style-788 style-local-151-c18 position-relative h-element\">\n                  <!---->\n                  <!---->\n                  <div class=\"\">\n                    <p>Claudia Wittmann<\/p>\n                    <p>Borngasse 9<\/p>\n                    <p>D-35282 Rauschenberg<\/p>\n                    <p>\n                      <br>\n                    <\/p>\n                    <p>Ich habe eine Berufshaftpflicht\n                      <br>\n                    <\/p>\n                    <p>\n                      <br>\n                    <\/p>\n                  <\/div>\n                <\/div>\n              <\/div>\n            <\/div>\n          <\/div>\n        <\/div>\n      <\/div>\n      <div data-colibri-id=\"151-c19\" class=\"h-row-container gutters-row-lg-2 gutters-row-md-2 gutters-row-0 gutters-row-v-lg-2 gutters-row-v-md-2 gutters-row-v-2 style-773 style-local-151-c19 position-relative\">\n        <!---->\n        <div class=\"h-row justify-content-lg-center justify-content-md-center justify-content-center align-items-lg-stretch align-items-md-stretch align-items-stretch gutters-col-lg-2 gutters-col-md-2 gutters-col-0 gutters-col-v-lg-2 gutters-col-v-md-2 gutters-col-v-2\">\n          <!---->\n          <div class=\"h-column h-column-container d-flex h-col-lg-auto h-col-md-auto h-col-auto style-775-outer style-local-151-c20-outer\">\n            <div data-colibri-id=\"151-c20\" class=\"d-flex h-flex-basis h-column__inner h-px-lg-2 h-px-md-2 h-px-2 v-inner-lg-2 v-inner-md-2 v-inner-2 style-775 style-local-151-c20 position-relative\">\n              <!---->\n              <!---->\n              <div class=\"w-100 h-y-container h-column__content h-column__v-align flex-basis-100 align-self-lg-start align-self-md-start align-self-start\">\n                <!---->\n                <div data-colibri-id=\"151-c21\" class=\"h-text h-text-component style-840 style-local-151-c21 position-relative h-element\">\n                  <!---->\n                  <!---->\n                  <div class=\"\">\n                    <p>Danke an webattractive f\u00fcr die Betreuung der Home-page<\/p>\n                    <p>Danke an Jochen M. f\u00fcr Unterst\u00fctzung bei der Erstellung der Home-page<\/p>\n                    <p>Danke an pixabay f\u00fcr die Verwendung der Fotos<\/p>\n                    <p>Textausz\u00fcge aus:\n                      <a href=\"http:\/\/www.otterhof.de\" target=\"_blank\" rel=\"noopener\">www.otterhof.de<\/a>; Qigong-Urlaub, Monika Preu\u00df<\/p>\n                  <\/div>\n                <\/div>\n              <\/div>\n            <\/div>\n          <\/div>\n        <\/div>\n      <\/div>\n    <\/div>\n  <\/div>\n<\/div>","protected":false},"excerpt":{"rendered":"<p>Impressum Angaben gem\u00e4\u00df \u00a7 5 TMG Claudia Wittmann Borngasse 9 35282 Rauschenberg Kontakt Telefon: 06425 3423040 E-Mail: ganzheitlichleben(at)outlook.de Redaktionell verantwortlich Claudia Wittmann Borngasse 9 D-35282 Rauschenberg Ich habe eine Berufshaftpflicht Danke an webattractive f\u00fcr die Betreuung der Home-page Danke an Jochen M. f\u00fcr Unterst\u00fctzung bei der Erstellung der Home-page Danke an pixabay f\u00fcr die Verwendung [&hellip;]<\/p>\n","protected":false},"author":4,"featured_media":0,"parent":0,"menu_order":0,"comment_status":"closed","ping_status":"closed","template":"page-templates\/full-width-page.php","meta":{"footnotes":""},"yoast_head":"<!-- This site is optimized with the Yoast SEO plugin v24.5 - https:\/\/yoast.com\/wordpress\/plugins\/seo\/ -->\n<title>Impressum - Ganzheitlich leben<\/title>\n<meta name=\"description\" content=\"Claudia Wittmann, Tel.: 06425 3423040, ganzheitlichleben@outlook.de.\" \/>\n<meta name=\"robots\" content=\"index, follow, max-snippet:-1, max-image-preview:large, max-video-preview:-1\" \/>\n<link rel=\"canonical\" href=\"https:\/\/ganzheitlich-leben.org\/index.php\/impressum\/\" \/>\n<meta property=\"og:locale\" content=\"de_DE\" \/>\n<meta property=\"og:type\" content=\"article\" \/>\n<meta property=\"og:title\" content=\"Impressum - Ganzheitlich leben\" \/>\n<meta property=\"og:description\" content=\"Claudia Wittmann, Tel.: 06425 3423040, ganzheitlichleben@outlook.de.\" \/>\n<meta property=\"og:url\" content=\"https:\/\/ganzheitlich-leben.org\/index.php\/impressum\/\" \/>\n<meta property=\"og:site_name\" content=\"Ganzheitlich leben\" \/>\n<meta property=\"article:modified_time\" content=\"2022-02-26T22:30:53+00:00\" \/>\n<meta name=\"twitter:card\" content=\"summary_large_image\" \/>\n<script type=\"application\/ld+json\" class=\"yoast-schema-graph\">{\"@context\":\"https:\/\/schema.org\",\"@graph\":[{\"@type\":\"WebPage\",\"@id\":\"https:\/\/ganzheitlich-leben.org\/index.php\/impressum\/\",\"url\":\"https:\/\/ganzheitlich-leben.org\/index.php\/impressum\/\",\"name\":\"Impressum - Ganzheitlich leben\",\"isPartOf\":{\"@id\":\"https:\/\/ganzheitlich-leben.org\/#website\"},\"datePublished\":\"2021-09-19T08:38:00+00:00\",\"dateModified\":\"2022-02-26T22:30:53+00:00\",\"description\":\"Claudia Wittmann, Tel.: 06425 3423040, ganzheitlichleben@outlook.de.\",\"breadcrumb\":{\"@id\":\"https:\/\/ganzheitlich-leben.org\/index.php\/impressum\/#breadcrumb\"},\"inLanguage\":\"de\",\"potentialAction\":[{\"@type\":\"ReadAction\",\"target\":[\"https:\/\/ganzheitlich-leben.org\/index.php\/impressum\/\"]}]},{\"@type\":\"BreadcrumbList\",\"@id\":\"https:\/\/ganzheitlich-leben.org\/index.php\/impressum\/#breadcrumb\",\"itemListElement\":[{\"@type\":\"ListItem\",\"position\":1,\"name\":\"Home\",\"item\":\"https:\/\/ganzheitlich-leben.org\/\"},{\"@type\":\"ListItem\",\"position\":2,\"name\":\"Impressum\"}]},{\"@type\":\"WebSite\",\"@id\":\"https:\/\/ganzheitlich-leben.org\/#website\",\"url\":\"https:\/\/ganzheitlich-leben.org\/\",\"name\":\"Ganzheitlich leben\",\"description\":\"\",\"publisher\":{\"@id\":\"https:\/\/ganzheitlich-leben.org\/#\/schema\/person\/62db17d0b8752443542018569a4cc358\"},\"potentialAction\":[{\"@type\":\"SearchAction\",\"target\":{\"@type\":\"EntryPoint\",\"urlTemplate\":\"https:\/\/ganzheitlich-leben.org\/?s={search_term_string}\"},\"query-input\":{\"@type\":\"PropertyValueSpecification\",\"valueRequired\":true,\"valueName\":\"search_term_string\"}}],\"inLanguage\":\"de\"},{\"@type\":[\"Person\",\"Organization\"],\"@id\":\"https:\/\/ganzheitlich-leben.org\/#\/schema\/person\/62db17d0b8752443542018569a4cc358\",\"name\":\"Claudia Wittmann\",\"image\":{\"@type\":\"ImageObject\",\"inLanguage\":\"de\",\"@id\":\"https:\/\/ganzheitlich-leben.org\/#\/schema\/person\/image\/\",\"url\":\"https:\/\/ganzheitlich-leben.org\/wp-content\/uploads\/2021\/09\/cropped-cropped-cropped-Logo-scaled-1.jpg\",\"contentUrl\":\"https:\/\/ganzheitlich-leben.org\/wp-content\/uploads\/2021\/09\/cropped-cropped-cropped-Logo-scaled-1.jpg\",\"width\":512,\"height\":512,\"caption\":\"Claudia Wittmann\"},\"logo\":{\"@id\":\"https:\/\/ganzheitlich-leben.org\/#\/schema\/person\/image\/\"},\"sameAs\":[\"https:\/\/ganzheitlich-leben.org\"]}]}<\/script>\n<!-- \/ Yoast SEO plugin. -->","yoast_head_json":{"title":"Impressum - Ganzheitlich leben","description":"Claudia Wittmann, Tel.: 06425 3423040, ganzheitlichleben@outlook.de.","robots":{"index":"index","follow":"follow","max-snippet":"max-snippet:-1","max-image-preview":"max-image-preview:large","max-video-preview":"max-video-preview:-1"},"canonical":"https:\/\/ganzheitlich-leben.org\/index.php\/impressum\/","og_locale":"de_DE","og_type":"article","og_title":"Impressum - Ganzheitlich leben","og_description":"Claudia Wittmann, Tel.: 06425 3423040, ganzheitlichleben@outlook.de.","og_url":"https:\/\/ganzheitlich-leben.org\/index.php\/impressum\/","og_site_name":"Ganzheitlich leben","article_modified_time":"2022-02-26T22:30:53+00:00","twitter_card":"summary_large_image","schema":{"@context":"https:\/\/schema.org","@graph":[{"@type":"WebPage","@id":"https:\/\/ganzheitlich-leben.org\/index.php\/impressum\/","url":"https:\/\/ganzheitlich-leben.org\/index.php\/impressum\/","name":"Impressum - Ganzheitlich leben","isPartOf":{"@id":"https:\/\/ganzheitlich-leben.org\/#website"},"datePublished":"2021-09-19T08:38:00+00:00","dateModified":"2022-02-26T22:30:53+00:00","description":"Claudia Wittmann, Tel.: 06425 3423040, ganzheitlichleben@outlook.de.","breadcrumb":{"@id":"https:\/\/ganzheitlich-leben.org\/index.php\/impressum\/#breadcrumb"},"inLanguage":"de","potentialAction":[{"@type":"ReadAction","target":["https:\/\/ganzheitlich-leben.org\/index.php\/impressum\/"]}]},{"@type":"BreadcrumbList","@id":"https:\/\/ganzheitlich-leben.org\/index.php\/impressum\/#breadcrumb","itemListElement":[{"@type":"ListItem","position":1,"name":"Home","item":"https:\/\/ganzheitlich-leben.org\/"},{"@type":"ListItem","position":2,"name":"Impressum"}]},{"@type":"WebSite","@id":"https:\/\/ganzheitlich-leben.org\/#website","url":"https:\/\/ganzheitlich-leben.org\/","name":"Ganzheitlich leben","description":"","publisher":{"@id":"https:\/\/ganzheitlich-leben.org\/#\/schema\/person\/62db17d0b8752443542018569a4cc358"},"potentialAction":[{"@type":"SearchAction","target":{"@type":"EntryPoint","urlTemplate":"https:\/\/ganzheitlich-leben.org\/?s={search_term_string}"},"query-input":{"@type":"PropertyValueSpecification","valueRequired":true,"valueName":"search_term_string"}}],"inLanguage":"de"},{"@type":["Person","Organization"],"@id":"https:\/\/ganzheitlich-leben.org\/#\/schema\/person\/62db17d0b8752443542018569a4cc358","name":"Claudia Wittmann","image":{"@type":"ImageObject","inLanguage":"de","@id":"https:\/\/ganzheitlich-leben.org\/#\/schema\/person\/image\/","url":"https:\/\/ganzheitlich-leben.org\/wp-content\/uploads\/2021\/09\/cropped-cropped-cropped-Logo-scaled-1.jpg","contentUrl":"https:\/\/ganzheitlich-leben.org\/wp-content\/uploads\/2021\/09\/cropped-cropped-cropped-Logo-scaled-1.jpg","width":512,"height":512,"caption":"Claudia Wittmann"},"logo":{"@id":"https:\/\/ganzheitlich-leben.org\/#\/schema\/person\/image\/"},"sameAs":["https:\/\/ganzheitlich-leben.org"]}]}},"_links":{"self":[{"href":"https:\/\/ganzheitlich-leben.org\/index.php\/wp-json\/wp\/v2\/pages\/151"}],"collection":[{"href":"https:\/\/ganzheitlich-leben.org\/index.php\/wp-json\/wp\/v2\/pages"}],"about":[{"href":"https:\/\/ganzheitlich-leben.org\/index.php\/wp-json\/wp\/v2\/types\/page"}],"author":[{"embeddable":true,"href":"https:\/\/ganzheitlich-leben.org\/index.php\/wp-json\/wp\/v2\/users\/4"}],"replies":[{"embeddable":true,"href":"https:\/\/ganzheitlich-leben.org\/index.php\/wp-json\/wp\/v2\/comments?post=151"}],"version-history":[{"count":8,"href":"https:\/\/ganzheitlich-leben.org\/index.php\/wp-json\/wp\/v2\/pages\/151\/revisions"}],"predecessor-version":[{"id":1521,"href":"https:\/\/ganzheitlich-leben.org\/index.php\/wp-json\/wp\/v2\/pages\/151\/revisions\/1521"}],"wp:attachment":[{"href":"https:\/\/ganzheitlich-leben.org\/index.php\/wp-json\/wp\/v2\/media?parent=151"}],"curies":[{"name":"wp","href":"https:\/\/api.w.org\/{rel}","templated":true}]}}